{"id":7,"date":"2023-11-09T07:04:38","date_gmt":"2023-11-09T07:04:38","guid":{"rendered":"https:\/\/demosites.royal-elementor-addons.com\/one-page-v2\/?page_id=7"},"modified":"2026-05-14T21:57:09","modified_gmt":"2026-05-14T21:57:09","slug":"home-one-page-v2","status":"publish","type":"page","link":"https:\/\/admarketing.com.ar\/marketing\/","title":{"rendered":"Home"},"content":{"rendered":"<h1>Tu negocio en Internet<\/h1>\n<h2>Marketing Digital<\/h2>\n<h2>S\u00e9 el primero en Google<\/h2>\n<p><strong>Ad Marketing<\/strong> brinda el servicio de Enlaces Patrocinados en Buscadores (AdWords)<br \/>\nEsto es que su p\u00e1gina web aparezca en los espacios publicitarios (Enlaces Patrocinados) de los resultados de las b\u00fasquedas realizadas en los principales motores de b\u00fasquedas de Internet (Google, Yahoo, Terra, UOL, MSN, etc).<\/p>\n<h3>PLAN INICIAL<\/h3>\n<p>Is post each that just leaf no. He connection interested so we an sympathize advantages. To said is it shed want do. Occasional middletons everything so to. Have spot part for his quit may. Enable it is square my an regard.<\/p>\n<p><a href=\"#\">\u00a0<\/a><\/p>\n<h3>PLAN INTERMEDIO<\/h3>\n<p>Is post each that just leaf no. He connection interested so we an sympathize advantages. To said is it shed want do. Occasional middletons everything so to. Have spot part for his quit may. Enable it is square my an regard.<\/p>\n<p><a href=\"#\">\u00a0<\/a><\/p>\n<h3>PLAN AVANZADO<\/h3>\n<p>Is post each that just leaf no. He connection interested so we an sympathize advantages. To said is it shed want do. Occasional middletons everything so to. Have spot part for his quit may. Enable it is square my an regard.<\/p>\n<p><a href=\"#\">\u00a0<\/a><\/p>\n<h3>PLAN MEDIO<\/h3>\n<p>Is post each that just leaf no. He connection interested so we an sympathize advantages. To said is it shed want do. Occasional middletons everything so to. Have spot part for his quit may. Enable it is square my an regard.<\/p>\n<p><a href=\"#\"><br \/>\n<\/a><br \/>\n<img loading=\"lazy\" decoding=\"async\" src=\"http:\/\/admarketing.com.ar\/marketing\/wp-content\/uploads\/2023\/11\/img-2-982x1024.jpg\" sizes=\"auto, (max-width: 960px) 100vw, 960px\" srcset=\"https:\/\/admarketing.com.ar\/marketing\/wp-content\/uploads\/2023\/11\/img-2-982x1024.jpg 982w, https:\/\/admarketing.com.ar\/marketing\/wp-content\/uploads\/2023\/11\/img-2-600x626.jpg 600w, https:\/\/admarketing.com.ar\/marketing\/wp-content\/uploads\/2023\/11\/img-2-288x300.jpg 288w, https:\/\/admarketing.com.ar\/marketing\/wp-content\/uploads\/2023\/11\/img-2-768x801.jpg 768w, https:\/\/admarketing.com.ar\/marketing\/wp-content\/uploads\/2023\/11\/img-2.jpg 1217w\" alt=\"\" width=\"960\" height=\"1001\" \/><\/p>\n<h2>Soluciones personalizadas a medida de tus necesidades<\/h2>\n<p>Brindamos grandes soluciones en E-Marketing, Posicionamiento en Buscadores, Dise\u00f1o de sitios webs, Publicidad en Internet, etc.<\/p>\n<p>En s\u00edntesis cubrimos las necesidades del sector Pyme con las m\u00e1s completas herramientas de Marketing y Tecnolog\u00eda de la Informaci\u00f3n<\/p>\n<p>&nbsp;<\/p>\n<h3>Our Mission<\/h3>\n<p>As absolute is by amounted repeated entirely ye returned. These ready timed enjoy might sir yet one since. Years drift never if could forty being no. On estimable dependent as suffering on my.<\/p>\n<p>&nbsp;<\/p>\n<h3>Our Values<\/h3>\n<p>Effect if in up no depend seemed. Ecstatic elegance gay but disposed. We me rent been part what. An concluded sportsman offending so provision mr education. Bed uncommonly.<\/p>\n<h2>Designing<br \/>\nUser-Friendly<\/h2>\n<p>Interfaces<br \/>\n<iframe loading=\"lazy\" title=\"Elementor Instagram Feed Widget - Royal Elementor Addons\" width=\"847\" height=\"476\" src=\"https:\/\/www.youtube.com\/embed\/EGwuqWK-s9E?start=227&#038;feature=oembed\" frameborder=\"0\" allow=\"accelerometer; autoplay; clipboard-write; encrypted-media; gyroscope; picture-in-picture; web-share\" referrerpolicy=\"strict-origin-when-cross-origin\" allowfullscreen><\/iframe><br \/>\nA\u00f1os de experiencia<br \/>\n+<br \/>\n0<br \/>\nclientes<br \/>\n+<br \/>\n0<br \/>\nprofesionales<br \/>\n0<br \/>\ntrabajos realizados<br \/>\n0<\/p>\n<h2>Nuestros Sevicios<\/h2>\n<p>Lorem ipsum dolor sit amet, consectetur adipiscing elit.<br \/>\nUt elit tellus, luctus nec ullamcorper mattis, pulvinar dapibus leo. <img decoding=\"async\" title=\"meta\" src=\"http:\/\/admarketing.com.ar\/marketing\/wp-content\/uploads\/elementor\/thumbs\/meta-rngq8ac747cyde1x4y6l8j2swosj7deqtx48kgjlwg.jpg\" alt=\"meta\" \/><\/p>\n<h2>Facebook &amp; Instagram Ads<\/h2>\n<p>Speedily say has suitable disposal add boy. On forth doubt miles of child. Exercise joy man children rejoiced. Yet uncommonly.<br \/>\n<a href=\"#link\" data-text=\"\"><br \/>\nVer m\u00e1s<br \/>\n<\/a><br \/>\n<img decoding=\"async\" title=\"insta\" src=\"http:\/\/admarketing.com.ar\/marketing\/wp-content\/uploads\/elementor\/thumbs\/insta-rngq8huwmvn8y9qzx1flsh6hnrrgwy8liyc4eo8gio.jpg\" alt=\"insta\" \/><\/p>\n<h2>Administraci\u00f3n de Redes Sociales<\/h2>\n<p>Speedily say has suitable disposal add boy. On forth doubt miles of child. Exercise joy man children rejoiced. Yet uncommonly.<br \/>\n<a href=\"#link\" data-text=\"\"><br \/>\nVer m\u00e1s<br \/>\n<\/a><br \/>\n<img decoding=\"async\" title=\"t\" src=\"http:\/\/admarketing.com.ar\/marketing\/wp-content\/uploads\/elementor\/thumbs\/t-rngq8pdm5jxjj5g2p4omcfa6euqemj2g7zk08vxb4w.jpg\" alt=\"t\" \/><\/p>\n<h2>Tik Tok<\/h2>\n<p>Speedily say has suitable disposal add boy. On forth doubt miles of child. Exercise joy man children rejoiced. Yet uncommonly.<br \/>\n<a href=\"#link\" data-text=\"\"><br \/>\nVer m\u00e1s<br \/>\n<\/a><\/p>\n<h2>Gallery<\/h2>\n<p>Lorem ipsum dolor sit amet, consectetur adipiscing elit.<br \/>\nUt elit tellus, luctus nec ullamcorper mattis, pulvinar dapibus leo.<\/p>\n<section data-settings=\"{&quot;layout&quot;:&quot;masonry&quot;,&quot;columns_desktop&quot;:4,&quot;gutter_hr&quot;:10,&quot;gutter_hr_mobile&quot;:10,&quot;gutter_hr_mobile_extra&quot;:10,&quot;gutter_hr_tablet&quot;:10,&quot;gutter_hr_tablet_extra&quot;:10,&quot;gutter_hr_laptop&quot;:10,&quot;gutter_hr_widescreen&quot;:10,&quot;gutter_vr&quot;:10,&quot;gutter_vr_mobile&quot;:10,&quot;gutter_vr_mobile_extra&quot;:10,&quot;gutter_vr_tablet&quot;:10,&quot;gutter_vr_tablet_extra&quot;:10,&quot;gutter_vr_laptop&quot;:10,&quot;gutter_vr_widescreen&quot;:10,&quot;animation&quot;:&quot;default&quot;,&quot;animation_duration&quot;:0.3,&quot;animation_delay&quot;:0.1,&quot;deeplinking&quot;:&quot;&quot;,&quot;filters_default_filter&quot;:&quot;&quot;,&quot;filters_linkable&quot;:&quot;no&quot;,&quot;filters_count&quot;:&quot;&quot;,&quot;filters_hide_empty&quot;:&quot;no&quot;,&quot;filters_animation&quot;:&quot;default&quot;,&quot;filters_animation_duration&quot;:0.3,&quot;filters_animation_delay&quot;:0.1,&quot;pagination_type&quot;:&quot;load-more&quot;,&quot;pagination_max_pages&quot;:1,&quot;lightbox&quot;:{&quot;selector&quot;:&quot;.wpr-grid-image-wrap&quot;,&quot;iframeMaxWidth&quot;:&quot;60%&quot;,&quot;hash&quot;:false,&quot;autoplay&quot;:&quot;true&quot;,&quot;pause&quot;:5000,&quot;progressBar&quot;:&quot;true&quot;,&quot;counter&quot;:&quot;true&quot;,&quot;controls&quot;:&quot;true&quot;,&quot;getCaptionFromTitleOrAlt&quot;:&quot;true&quot;,&quot;thumbnail&quot;:&quot;&quot;,&quot;showThumbByDefault&quot;:&quot;&quot;,&quot;share&quot;:&quot;&quot;,&quot;zoom&quot;:&quot;true&quot;,&quot;fullScreen&quot;:&quot;true&quot;,&quot;download&quot;:&quot;true&quot;}}\">\n<article><img decoding=\"async\" src=\"http:\/\/admarketing.com.ar\/marketing\/wp-content\/uploads\/2023\/11\/business-1.jpg\" alt=\"Business 1\" \/><\/article>\n<article><img decoding=\"async\" src=\"http:\/\/admarketing.com.ar\/marketing\/wp-content\/uploads\/2023\/11\/Business-2.jpg\" alt=\"Business-2\" \/><\/article>\n<article><img decoding=\"async\" src=\"http:\/\/admarketing.com.ar\/marketing\/wp-content\/uploads\/2023\/11\/Business-6.jpg\" alt=\"Business-6\" \/><\/article>\n<article><img decoding=\"async\" src=\"http:\/\/admarketing.com.ar\/marketing\/wp-content\/uploads\/2023\/11\/Business-5.jpg\" alt=\"Business-5\" \/><\/article>\n<article><img decoding=\"async\" src=\"http:\/\/admarketing.com.ar\/marketing\/wp-content\/uploads\/2023\/11\/Business-7.jpg\" alt=\"Business-7\" \/><\/article>\n<article><img decoding=\"async\" src=\"http:\/\/admarketing.com.ar\/marketing\/wp-content\/uploads\/2023\/11\/Business-3.jpg\" alt=\"Business-3\" \/><\/article>\n<article><img decoding=\"async\" src=\"http:\/\/admarketing.com.ar\/marketing\/wp-content\/uploads\/2023\/11\/Business-8.jpg\" alt=\"Business-8\" \/><\/article>\n<article><img decoding=\"async\" src=\"http:\/\/admarketing.com.ar\/marketing\/wp-content\/uploads\/2023\/11\/Business-4.jpg\" alt=\"Business-4\" \/><\/article>\n<\/section>\n<h2>Team<\/h2>\n<p>Lorem ipsum dolor sit amet, consectetur adipiscing elit.<br \/>\nUt elit tellus, luctus nec ullamcorper mattis, pulvinar dapibus leo.<br \/>\n<img decoding=\"async\" src=\"http:\/\/admarketing.com.ar\/marketing\/wp-content\/uploads\/2023\/11\/Human-2.jpg\" alt=\"Lucie Simmons\" \/><\/p>\n<h3>Lucie Simmons<\/h3>\n<p>Founder<br \/>\nLorem ipsum dolor sit amet, consectetur adipiscing elit. Curabitur laoreet cursus volutpat. Aliquam sit amet ligula et justo tincidunt laorsoet non vitae lorem.<br \/>\n<a><br \/>\n<\/a><br \/>\n<a><br \/>\n<\/a><br \/>\n<a><br \/>\n<\/a><br \/>\n<img decoding=\"async\" src=\"https:\/\/admarketing.com.ar\/marketing\/wp-content\/uploads\/2023\/11\/Human-5.jpg\" alt=\"Robert Barnett\" \/><\/p>\n<h3>Robert Barnett<\/h3>\n<p>Marketer<br \/>\nLorem ipsum dolor sit amet, consectetur adipiscing elit. Curabitur laoreet cursus volutpat. Aliquam sit amet ligula et justo tincidunt laorsoet non vitae lorem.<br \/>\n<a><br \/>\n<\/a><br \/>\n<a><br \/>\n<\/a><br \/>\n<a><br \/>\n<\/a><br \/>\n<img decoding=\"async\" src=\"https:\/\/admarketing.com.ar\/marketing\/wp-content\/uploads\/2023\/11\/Human-4.jpg\" alt=\"Amina Jordan\" \/><\/p>\n<h3>Amina Jordan<\/h3>\n<p>Team Leader<br \/>\nLorem ipsum dolor sit amet, consectetur adipiscing elit. Curabitur laoreet cursus volutpat. Aliquam sit amet ligula et justo tincidunt laorsoet non vitae lorem.<br \/>\n<a><br \/>\n<\/a><br \/>\n<a><br \/>\n<\/a><br \/>\n<a><br \/>\n<\/a><br \/>\n<img decoding=\"async\" src=\"http:\/\/admarketing.com.ar\/marketing\/wp-content\/uploads\/2023\/11\/Human-1.jpg\" alt=\"Howard Hendrix\" \/><\/p>\n<h3>Howard Hendrix<\/h3>\n<p>Financial Analyst<br \/>\nLorem ipsum dolor sit amet, consectetur adipiscing elit. Curabitur laoreet cursus volutpat. Aliquam sit amet ligula et justo tincidunt laorsoet non vitae lorem.<br \/>\n<a><br \/>\n<\/a><br \/>\n<a><br \/>\n<\/a><br \/>\n<a><br \/>\n<\/a><br \/>\n<img decoding=\"async\" src=\"http:\/\/admarketing.com.ar\/marketing\/wp-content\/uploads\/2023\/11\/Human-3.jpg\" alt=\"Zoya Mckenzie\" \/><\/p>\n<h3>Zoya Mckenzie<\/h3>\n<p>HR Coordinator<br \/>\nLorem ipsum dolor sit amet, consectetur adipiscing elit. Curabitur laoreet cursus volutpat. Aliquam sit amet ligula et justo tincidunt laorsoet non vitae lorem.<br \/>\n<a><br \/>\n<\/a><br \/>\n<a><br \/>\n<\/a><br \/>\n<a><br \/>\n<\/a><\/p>\n<h2>Latest News<\/h2>\n<p>Lorem ipsum dolor sit amet, consectetur adipiscing elit.<br \/>\nUt elit tellus, luctus nec ullamcorper mattis, pulvinar dapibus leo.<\/p>\n<ul>\n<li>All Posts<\/li>\n<li>Art<\/li>\n<li>Design<\/li>\n<li>Journey<\/li>\n<li>Luxury<\/li>\n<li>Modern<\/li>\n<li>Sin categor\u00eda<\/li>\n<\/ul>\n<section data-settings=\"{&quot;layout&quot;:&quot;fitRows&quot;,&quot;stick_last_element_to_bottom&quot;:&quot;&quot;,&quot;columns_desktop&quot;:3,&quot;gutter_hr&quot;:15,&quot;gutter_hr_mobile&quot;:15,&quot;gutter_hr_mobile_extra&quot;:15,&quot;gutter_hr_tablet&quot;:15,&quot;gutter_hr_tablet_extra&quot;:15,&quot;gutter_hr_laptop&quot;:15,&quot;gutter_hr_widescreen&quot;:15,&quot;gutter_vr&quot;:15,&quot;gutter_vr_mobile&quot;:15,&quot;gutter_vr_mobile_extra&quot;:15,&quot;gutter_vr_tablet&quot;:15,&quot;gutter_vr_tablet_extra&quot;:15,&quot;gutter_vr_laptop&quot;:15,&quot;gutter_vr_widescreen&quot;:15,&quot;animation&quot;:&quot;default&quot;,&quot;animation_duration&quot;:0.3,&quot;animation_delay&quot;:0.1,&quot;deeplinking&quot;:&quot;&quot;,&quot;filters_linkable&quot;:&quot;no&quot;,&quot;filters_default_filter&quot;:&quot;&quot;,&quot;filters_count&quot;:&quot;&quot;,&quot;filters_hide_empty&quot;:&quot;no&quot;,&quot;filters_animation&quot;:&quot;default&quot;,&quot;filters_animation_duration&quot;:0.3,&quot;filters_animation_delay&quot;:0.1,&quot;pagination_type&quot;:&quot;load-more&quot;,&quot;pagination_max_pages&quot;:3,&quot;lightbox&quot;:{&quot;selector&quot;:&quot;.wpr-grid-image-wrap&quot;,&quot;iframeMaxWidth&quot;:&quot;60%&quot;,&quot;hash&quot;:false,&quot;autoplay&quot;:&quot;true&quot;,&quot;pause&quot;:5000,&quot;progressBar&quot;:&quot;true&quot;,&quot;counter&quot;:&quot;true&quot;,&quot;controls&quot;:&quot;true&quot;,&quot;getCaptionFromTitleOrAlt&quot;:&quot;true&quot;,&quot;thumbnail&quot;:&quot;&quot;,&quot;showThumbByDefault&quot;:&quot;&quot;,&quot;share&quot;:&quot;&quot;,&quot;zoom&quot;:&quot;true&quot;,&quot;fullScreen&quot;:&quot;true&quot;,&quot;download&quot;:&quot;true&quot;}}\" data-advanced-filters=\"no\">\n<article><img decoding=\"async\" src=\"http:\/\/admarketing.com.ar\/marketing\/wp-content\/uploads\/2023\/11\/Image-6.jpg\" alt=\"Beyond the Surface: Unveiling Hidden Gems\" data-no-lazy=\"1\" \/><\/article>\n<\/section>\n<h2><a href=\"https:\/\/admarketing.com.ar\/marketing\/beyond-the-surface-unveiling-hidden-gems\/\" target=\"_self\">Beyond the Surface: Unveiling Hidden Gems<\/a><\/h2>\n<p>11 noviembre, 2023\/<a href=\"https:\/\/admarketing.com.ar\/marketing\/beyond-the-surface-unveiling-hidden-gems\/#comments\">2\u00a0Comments<\/a><\/p>\n<p>He oppose at thrown desire of no. Announcing impression unaffected day his are unreserved indulgence. Him hard find read are&#8230;<\/p>\n<p><a href=\"https:\/\/admarketing.com.ar\/marketing\/beyond-the-surface-unveiling-hidden-gems\/\" target=\"_self\">Read More<\/a><\/p>\n<article><img decoding=\"async\" src=\"http:\/\/admarketing.com.ar\/marketing\/wp-content\/uploads\/2023\/11\/Image-5.jpg\" alt=\"The Power of Kindness: Small Acts, Big Impact\" data-no-lazy=\"1\" \/><\/article>\n<h2><a href=\"https:\/\/admarketing.com.ar\/marketing\/the-power-of-kindness-small-acts-big-impact\/\" target=\"_self\">The Power of Kindness: Small Acts, Big Impact<\/a><\/h2>\n<p>11 noviembre, 2023\/<a href=\"https:\/\/admarketing.com.ar\/marketing\/the-power-of-kindness-small-acts-big-impact\/#comments\">1\u00a0Comment<\/a><\/p>\n<p>He oppose at thrown desire of no. Announcing impression unaffected day his are unreserved indulgence. Him hard find read are&#8230;<\/p>\n<p><a href=\"https:\/\/admarketing.com.ar\/marketing\/the-power-of-kindness-small-acts-big-impact\/\" target=\"_self\">Read More<\/a><\/p>\n<article><img decoding=\"async\" src=\"http:\/\/admarketing.com.ar\/marketing\/wp-content\/uploads\/2023\/11\/Image-4.jpg\" alt=\"Exploring New Horizons: Adventures Await\" data-no-lazy=\"1\" \/><\/article>\n<h2><a href=\"https:\/\/admarketing.com.ar\/marketing\/exploring-new-horizons-adventures-await\/\" target=\"_self\">Exploring New Horizons: Adventures Await<\/a><\/h2>\n<p>11 noviembre, 2023\/<a href=\"https:\/\/admarketing.com.ar\/marketing\/exploring-new-horizons-adventures-await\/#comments\">3\u00a0Comments<\/a><\/p>\n<p>He oppose at thrown desire of no. Announcing impression unaffected day his are unreserved indulgence. Him hard find read are&#8230;<\/p>\n<p><a href=\"https:\/\/admarketing.com.ar\/marketing\/exploring-new-horizons-adventures-await\/\" target=\"_self\">Read More<\/a><\/p>\n<p><a href=\"https:\/\/admarketing.com.ar\/marketing\/wp-admin\/admin-ajax.php?paged=2\" data-e-disable-page-transition=\"\">Load More<\/a><\/p>\n<p>End of Content.<\/p>\n<h2>Cont\u00e1ctenos<\/h2>\n<p>Lorem ipsum dolor sit amet, consectetur adipiscing elit.<br \/>\nUt elit tellus, luctus nec ullamcorper mattis, pulvinar dapibus leo.<\/p>\n<form method=\"post\" name=\"New Form\" novalidate=\"\"><input name=\"post_id\" type=\"hidden\" value=\"1047\" \/><br \/>\n<input name=\"form_id\" type=\"hidden\" value=\"5ad22fd\" \/><br \/>\n<input name=\"referer_title\" type=\"hidden\" value=\"\" \/><br \/>\n<label for=\"form-field-name\" data-alt-label=\"Nombre\"><br \/>\nNombre <\/label><br \/>\n<input id=\"form-field-name\" name=\"form_fields[name]\" size=\"1 \" type=\"text\" placeholder=\"Nombre\" \/><br \/>\n<label for=\"form-field-email\" data-alt-label=\"Email\"><br \/>\nEmail <\/label><br \/>\n<input id=\"form-field-email\" name=\"form_fields[email]\" required=\"required\" size=\"1 \" type=\"email\" placeholder=\"Email\" aria-required=\"true\" \/><br \/>\n<label for=\"form-field-Consulta\" data-alt-label=\"Consulta\"><br \/>\nConsulta <\/label><br \/>\n<textarea id=\"form-field-Consulta\" name=\"form_fields[Consulta]\" rows=\"7\" placeholder=\"Consulta\"><\/textarea><br \/>\n<button type=\"submit\"><br \/>\nSend<br \/>\n<\/button><\/form>\n<h2>Nuestra Oficina<\/h2>\n<p>Abrimos de lunes a viernes de 9 a 17hs<\/p>\n<p>&nbsp;<\/p>\n<h3>Tel\u00e9fono<\/h3>\n<p>+54 115180-3673<\/p>\n<p>&nbsp;<\/p>\n<h3>Email<\/h3>\n<p>web@admarketing.com.ar<\/p>\n<p>&nbsp;<\/p>\n<h3>Direcci\u00f3n<\/h3>\n<p>Presidente Per\u00f3n 677, Villa Sarmiento, Buenos Aires<\/p>\n","protected":false},"excerpt":{"rendered":"<p>Tu negocio en Internet Marketing Digital S\u00e9 el primero en Google Ad Marketing brinda el servicio de Enlaces Patrocinados en Buscadores (AdWords) Esto es que su p\u00e1gina web aparezca en los espacios publicitarios (Enlaces Patrocinados) de los resultados de las b\u00fasquedas realizadas en los principales motores de b\u00fasquedas de Internet (Google, Yahoo, Terra, UOL, MSN, &hellip; <\/p>\n","protected":false},"author":1,"featured_media":0,"parent":0,"menu_order":0,"comment_status":"closed","ping_status":"closed","template":"template-home.php","meta":{"footnotes":""},"class_list":["post-7","page","type-page","status-publish","hentry","latest_post","no_image"],"_links":{"self":[{"href":"https:\/\/admarketing.com.ar\/marketing\/wp-json\/wp\/v2\/pages\/7","targetHints":{"allow":["GET"]}}],"collection":[{"href":"https:\/\/admarketing.com.ar\/marketing\/wp-json\/wp\/v2\/pages"}],"about":[{"href":"https:\/\/admarketing.com.ar\/marketing\/wp-json\/wp\/v2\/types\/page"}],"author":[{"embeddable":true,"href":"https:\/\/admarketing.com.ar\/marketing\/wp-json\/wp\/v2\/users\/1"}],"replies":[{"embeddable":true,"href":"https:\/\/admarketing.com.ar\/marketing\/wp-json\/wp\/v2\/comments?post=7"}],"version-history":[{"count":41,"href":"https:\/\/admarketing.com.ar\/marketing\/wp-json\/wp\/v2\/pages\/7\/revisions"}],"predecessor-version":[{"id":1114,"href":"https:\/\/admarketing.com.ar\/marketing\/wp-json\/wp\/v2\/pages\/7\/revisions\/1114"}],"wp:attachment":[{"href":"https:\/\/admarketing.com.ar\/marketing\/wp-json\/wp\/v2\/media?parent=7"}],"curies":[{"name":"wp","href":"https:\/\/api.w.org\/{rel}","templated":true}]}}